 7, what is 3 + 1233322?
1233325
In base 3, what is 12210212111 + -1102?
12210211002
In base 8, what is -44771 - 2?
-44773
In base 15, what is -3ae5 + 0?
-3ae5
In base 2, what is 10011110001001 + 101?
10011110001110
In base 15, what is 1e081 - -a?
1e08b
In base 13, what is -5 - 3001?
-3006
In base 3, what is -21020100210 + 10?
-21020100200
In base 7, what is -2 + 12321?
12316
In base 16, what is -5 + -cf4f9?
-cf4fe
In base 10, what is 333 - -303?
636
In base 5, what is 1132 - 1442?
-310
In base 8, what is 524 + 43?
567
In base 5, what is -12424332 - -10?
-12424322
In base 2, what is -1000110110101011 + -101?
-1000110110110000
In base 2, what is -10010001 + 100000?
-1110001
In base 6, what is 3544002 - 0?
3544002
In base 4, what is 200 - 203332?
-203132
In base 12, what is -2 - 3007?
-3009
In base 13, what is -4b3 - 22?
-505
In base 16, what is -b + dbbf?
dbb4
In base 12, what is 3 + -1289?
-1286
In base 12, what is -24b1 + 1?
-24b0
In base 10, what is 473 - 1306?
-833
In base 8, what is 4 + 24304?
24310
In base 14, what is -3dd53 - 2?
-3dd55
In base 14, what is -158 - -2d4?
17a
In base 4, what is -103 - -1101330?
1101221
In base 14, what is -19 + -2a2?
-2bb
In base 15, what is 93 - -5c?
100
In base 11, what is -5 - -5319?
5314
In base 9, what is -2383 + -110?
-2503
In base 4, what is 13 - -1123312111?
1123312130
In base 12, what is -1 + -6392?
-6393
In base 10, what is -2 - -41829?
41827
In base 11, what is 17 + -2608?
-25a1
In base 3, what is -10 - 21121202?
-21121212
In base 13, what is -48c7 + 9?
-48bb
In base 13, what is -6ca97 - 7?
-6caa1
In base 6, what is -30542420 - 2?
-30542422
In base 16, what is 8f03 - 2?
8f01
In base 10, what is 378999 - -2?
379001
In base 6, what is -35404 - -110?
-35254
In base 9, what is 0 - -703548?
703548
In base 2, what is 1010 - 10111011001010?
-10111011000000
In base 2, what is -10 - -10000100110111?
10000100110101
In base 5, what is -122340 - -22?
-122313
In base 11, what is -1008 - 184?
-1191
In base 12, what is 1251 - -178?
1409
In base 4, what is 301 + 111130?
112031
In base 4, what is 122132100 + 12?
122132112
In base 5, what is 1102334 + 14?
1102403
In base 6, what is -3 + 13523531?
13523524
In base 15, what is -a + 2764?
2759
In base 14, what is 1b + -825?
-808
In base 3, what is 11002 + -200212?
-112210
In base 6, what is -10022323 - -4?
-10022315
In base 14, what is 28b - 216?
75
In base 8, what is 424 + 3?
427
In base 7, what is -12 - 12062?
-12104
In base 10, what is -2 - 254311?
-254313
In base 9, what is 6328 - -36?
6365
In base 16, what is 104f3 + 3?
104f6
In base 11, what is -89959 - 4?
-89962
In base 10, what is 9388 + 0?
9388
In base 10, what is 36 + 833?
869
In base 4, what is 10201121113 + -1?
10201121112
In base 10, what is 1427 - 24?
1403
In base 9, what is 6445 - -2?
6447
In base 4, what is -1112313 - 1322?
-1120301
In base 9, what is 1742736 - 4?
1742732
In base 7, what is -2 + -55064?
-55066
In base 15, what is 13431 + 3?
13434
In base 9, what is 36166 - -5?
36172
In base 5, what is -2334311 - 0?
-2334311
In base 8, what is 6115 - 5?
6110
In base 8, what is 1 - 21175?
-21174
In base 7, what is -541516 + 2?
-541514
In base 5, what is -11313241 - 12?
-11313303
In base 4, what is -321203003 - -3?
-321203000
In base 7, what is 24521340 + 2?
24521342
In base 16, what is d60 + 9c?
dfc
In base 14, what is 442 - 977?
-535
In base 2, what is 10010110111001010 + 100?
10010110111001110
In base 11, what is 749 + -1a5?
554
In base 16, what is 624f0f + 1?
624f10
In base 15, what is 73 - -b3?
136
In base 11, what is 5 - -1129751?
1129756
In base 7, what is -63333 + -2?
-63335
In base 8, what is 2357630 - -5?
2357635
In base 15, what is e2 + -65?
7c
In base 16, what is -4 - 7b13?
-7b17
In base 4, what is 101213212 - -3?
101213221
In base 8, what is -3 - -3501673?
3501670
In base 14, what is 464 + -2b3?
191
In base 2, what is 10000110001010 + 10110?
10000110100000
In base 6, what is 51021315 - 3?
51021312
In base 12, what is -141 + 2294?
2153
In base 8, what is 14 + 75100?
75114
In base 6, what is -14 + 52342?
52324
In base 12, what is 0 + -2371a?
-2371a
In base 5, what is -10033144 + -10?
-10033204
In base 16, what is 95c - -280?
bdc
In base 14, what is 10 + 3a110?
3a120
In base 8, what is -211 + -432?
-643
In base 4, what is 1003131 - 0?
1003131
In base 8, what is 47 - -4045?
4114
In base 3, what is 22 + 101221102?
101221201
In base 3, what is -21020101 + -10?
-21020111
In base 10, what is -24 - -84321?
84297
In base 7, what is 112461 - 103?
112355
In base 11, what is 754a - 4?
7546
In base 16, what is 2311 - a?
2307
In base 5, what is 40100 - 14?
40031
In base 2, what is 11 - -11111101100001101000?
11111101100001101011
In base 5, what is 32422004 + -3?
32422001
In base 13, what is c779 + 0?
c779
In base 7, what is 12 - -1253102?
1253114
In base 2, what is -1010001 - -10101001?
1011000
In base 8, what is 35 - -12554?
12611
In base 4, what is 300 + -23003?
-22103
In base 7, what is -125444 + -1?
-125445
In base 9, what is -12262 + -15?
-12277
In base 5, what is 120242 + -302?
114440
In base 15, what is -1990 + -8?
-1998
In base 11, what is 6662 + -1?
6661
In base 7, what is 21 - 202533?
-202512
In base 5, what is 120220 + -12?
120203
In base 14, what is -9 + -14ad?
-14b8
In base 16, what is -3 + 3a05?
3a02
In base 11, what is 2 - 111065?
-111063
In base 2, what is 101100101 - 10010111101010?
-10010010000101
In base 13, what is a0363 + 0?
a0363
In base 11, what is -3 - 69199?
-691a1
In base 13, what is 19542 - -2b?
19570
In base 4, what is 30033 - 3202?
20231
In base 7, what is 36 - 1145?
-1106
In base 14, what is 295 - 45?
250
In base 4, what is 101013 + 13010?
120023
In base 10, what is 0 - -31364?
31364
In base 7, what is 0 - 312553?
-312553
In base 10, what is 3 + 539240?
539243
In base 3, what is -1010102100112 + -2?
-1010102100121
In base 6, what is 1245 + 51400?
53045
In base 2, what is -11111110100100 - -11000011?
-11111011100001
In base 12, what is -1aaab0 + -5?
-1aaab5
In base 15, what is -d + 680?
672
In base 15, what is -2 - 1d954?
-1d956
In base 10, what is 842978 + 2?
842980
In base 13, what is -2104 + -7?
-210b
In base 9, what is 715 + 1877?
2703
In base 12, what is 213 + -6332?
-611b
In base 2, what is -111 + -101011010?
-101100001
In base 7, what is -10 + -154561?
-154601
In base 7, what is 21 - -161322?
161343
In base 2, what is 10 - 11110111011000?
-11110111010110
In base 8, what is 14275 + 730?
15225
In base 11, what is -24a - -1449?
11aa
In base 16, what is 4 + -5c0?
-5bc
In base 8, what is 54 - -5155?
5231
In base 10, what is 5362 + 0?
5362
In base 7, what is 1 - -140664?
140665
In base 10, what is 129622 + -5?
129617
In base 3, what is 0 - 212210202201?
-212210202201
In base 8, what is 2 + 30464?
30466
In base 14, what is 3 - 1067?
-1064
In base 13, what is -3 + -361b?
-3621
In base 3, what is 12100 + -1112002121?
-1111220021
In base 5, what is -22 + 2004111?
2004034
In base 11, what is -118a + -64?
-1243
In base 16, what is -82cb + 2c?
-829f
In base 10, what is -5 + -3564?
-3569
In base 16, what is 55d + -2d?
530
In base 14, what is -2 + 9726?
9724
In base 5, what is 31 + -1322012?
-1321431
In base 16, what is 4 - -ad9?
add
In base 7, what is 3 - 226100?
-226064
In base 5, what is -11124 - -111?
-11013
In base 8, what is -3 - 260226?
-260231
In base 14, what is 3 + 4266?
4269
In base 5, what is 4021 + -411?
3110
In base 4, what is -23 + -1212?
-1301
In base 3, what is -10 - -110200022110?
110200022100
In base 13, what is 4ac8 + 3a?
4b35
In base 5, what is -1244 + 1313?
14
In base 13, what is -11bb8c + 3?
-11bb89
In base 7, what is 2026 - -221?
2250
In base 10, what is -691 + -56?
-747
In base 10, what is 78 + -134?
-56
In base 4, what is -21123310 + -102?
-21130012
In base 3, what is -2 - 12022122110?
-12022122112
In base 9, what is 12488 - 1?
12487
In base 16, what is -5 + -cbbc?
-cbc1
In base 15, what is 6 - 1d1?
-1ca
In base 8, what is 5 + 2524?
2531
In base 2, what is 10000100111 - 100110?
10000000001
In base 2, what is 111 - 11010001100010?
-11010001011011
In base 3, what is 1 + -20122220121?
-20122220120
In base 8, what is -1 + 60645?
60644
In base 9, what is -2886 + 122?
-2764
In base 11, what is -2130626 + 3?
-2130623
In base 3, what is -102 + 2001012002?
20010112